True
Does 52 divide 267644?
True
Does 30 divide 207630?
True
Does 6 divide 4694?
False
Is 969730 a multiple of 10?
True
Is 260 a factor of 2803580?
True
Is 543 a factor of 2637378?
False
Does 12 divide 108?
True
Is 494586 a multiple of 258?
True
Is 2643374 a multiple of 47?
True
Does 34 divide 42874?
True
Does 56 divide 755575?
False
Does 3 divide 516585?
True
Is 299 a factor of 6902173?
False
Is 3545547 a multiple of 593?
True
Is 9417768 a multiple of 76?
True
Is 271 a factor of 683014?
False
Is 102 a factor of 875874?
True
Does 78 divide 207792?
True
Is 6943232 a multiple of 71?
True
Is 7026455 a multiple of 59?
False
Is 44712 a multiple of 6?
True
Does 16 divide 5808111?
False
Does 34 divide 164050?
True
Does 9 divide 6773697?
True
Is 69474 a multiple of 15?
False
Is 13 a factor of 224445?
True
Is 251 a factor of 8365579?
True
Is 13 a factor of 3040888?
False
Does 280 divide 92120?
True
Does 25 divide 1868225?
True
Is 28 a factor of 3330236?
True
Is 10 a factor of 1429760?
True
Is 5 a factor of 8676?
False
Does 10 divide 2338950?
True
Is 145 a factor of 63655?
True
Is 79 a factor of 191654?
True
Does 17 divide 2105357?
False
Does 4 divide 67876?
True
Does 40 divide 17631640?
True
Is 28388 a multiple of 47?
True
Is 334208 a multiple of 128?
True
Is 934595 a multiple of 235?
True
Does 234 divide 185774?
False
Is 80 a factor of 2115634?
False
Does 59 divide 134048?
True
Is 224736 a multiple of 6?
True
Does 87 divide 188790?
True
Is 6659 a multiple of 13?
False
Does 172 divide 55998?
False
Is 279950 a multiple of 335?
False
Is 386453 a multiple of 270?
False
Does 55 divide 113135?
True
Does 1044 divide 5165629?
False
Does 22 divide 384362?
True
Is 1700871 a multiple of 227?
False
Is 139884 a multiple of 161?
False
Does 129 divide 14715035?
False
Is 458706 a multiple of 120?
False
Does 97 divide 7469?
True
Is 247339 a multiple of 202?
False
Does 31 divide 9492098?
False
Is 788634 a multiple of 231?
True
Is 1650850 a multiple of 33?
False
Does 14 divide 18798598?
True
Does 286 divide 43163?
False
Is 1033357 a multiple of 377?
True
Is 103 a factor of 34359?
False
Is 161785 a multiple of 30?
False
Is 7 a factor of 24956?
False
Does 338 divide 122545?
False
Does 48 divide 157973?
False
Is 97 a factor of 438537?
True
Is 8 a factor of 79364?
False
Does 228 divide 738146?
False
Is 3511800 a multiple of 60?
True
Does 132 divide 560226?
False
Does 185 divide 276542?
False
Does 128 divide 71168?
True
Does 519 divide 451614?
False
Is 785881 a multiple of 251?
True
Does 2 divide 699704?
True
Is 88128 a multiple of 32?
True
Is 3170663 a multiple of 41?
False
Does 2413 divide 7854315?
True
Does 1018 divide 844506?
False
Is 11533 a multiple of 19?
True
Is 4 a factor of 239652?
True
Is 47 a factor of 11636818?
False
Is 6089117 a multiple of 214?
False
Is 10 a factor of 6649020?
True
Does 165 divide 45870?
True
Is 227150 a multiple of 50?
True
Does 5 divide 71038?
False
Is 39 a factor of 2675003?
False
Is 5729852 a multiple of 92?
True
Is 30 a factor of 90150?
True
Does 182 divide 248612?
True
Does 21 divide 5539659?
False
Is 14 a factor of 117418?
True
Is 9 a factor of 5715?
True
Is 7 a factor of 247494?
False
Is 287 a factor of 863296?
True
Does 719 divide 3242785?
False
Is 35 a factor of 1571383?
False
Does 8 divide 1014294?
False
Is 13 a factor of 100048?
True
Is 1309136 a multiple of 68?
True
Is 3637614 a multiple of 213?
True
Is 155256 a multiple of 6?
True
Is 1284690 a multiple of 374?
True
Is 82 a factor of 693064?
True
Is 761 a factor of 978749?
False
Is 12034074 a multiple of 106?
True
Is 394416 a multiple of 62?
False
Is 282 a factor of 199262?
False
Is 30 a factor of 7234590?
True
Is 4 a factor of 23448?
True
Does 168 divide 2891914?
False
Is 177472 a multiple of 485?
False
Is 321 a factor of 1768204?
False
Is 110825 a multiple of 341?
True
Is 393 a factor of 6647149?
False
Does 17 divide 60473?
False
Does 223 divide 194902?
True
Is 12 a factor of 42588?
True
Does 75 divide 4955576?
False
Does 359 divide 218631?
True
Is 600 a factor of 1689600?
True
Does 265 divide 10568022?
False
Is 57 a factor of 30495?
True
Does 264 divide 3186480?
True
Is 18 a factor of 983932?
False
Is 2283955 a multiple of 24?
False
Is 97390 a multiple of 10?
True
Is 8772750 a multiple of 139?
False
Is 3255956 a multiple of 19?
False
Is 29477 a multiple of 29?
False
Does 33 divide 23413?
False
Does 80 divide 7186720?
True
Does 17 divide 300339?
True
Does 14 divide 428503?
False
Does 107 divide 2482453?
False
Is 96 a factor of 398592?
True
Does 7 divide 285075?
True
Does 271 divide 154196?
False
Is 495775 a multiple of 88?
False
Is 253525 a multiple of 297?
False
Is 6 a factor of 402568?
False
Is 1720 a factor of 11931794?
False
Is 106056 a multiple of 72?
True
Is 166 a factor of 227420?
True
Is 40 a factor of 4576635?
False
Does 714 divide 511224?
True
Does 348 divide 563428?
False
Is 9670861 a multiple of 47?
True
Is 2181060 a multiple of 18?
True
Is 1418010 a multiple of 8?
False
Does 28 divide 338156?
True
Is 14327900 a multiple of 950?
True
Is 1756968 a multiple of 114?
True
Is 266682 a multiple of 263?
True
Is 553 a factor of 362768?
True
Is 19 a factor of 21910?
False
Is 2865390 a multiple of 285?
True
Does 8 divide 3286779?
False
Does 25 divide 1495997?
False
Is 227 a factor of 298300?
False
Does 1164 divide 5300312?
False
Is 4 a factor of 22868?
True
Is 344413 a multiple of 538?
False
Is 178075 a multiple of 25?
True
Is 55 a factor of 38060?
True
Does 11 divide 500504?
False
Is 189 a factor of 44321?
False
Is 180317 a multiple of 36?
False
Is 1134 a factor of 7017005?
False
Is 92 a factor of 230460?
True
Does 52 divide 72969?
False
Is 17158 a multiple of 6?
False
Does 303 divide 311787?
True
Does 95 divide 624245?
True
Does 12 divide 209463?
False
Does 4 divide 858580?
True
Is 81 a factor of 97725?
False
Is 3 a factor of 264?
True
Does 27 divide 496532?
False
Is 187740 a multiple of 57?
False
Is 24 a factor of 432024?
True
Does 26 divide 226571?
False
Does 143 divide 256399?
True
Does 13 divide 2061404?
False
Is 357 a factor of 10399163?
False
Is 19 a factor of 6525862?
False
Is 46 a factor of 9059520?
False
Is 22 a factor of 186692?
True
Is 20160 a multiple of 20?
True
Does 27 divide 146772?
True
Does 626 divide 5260352?
False
Does 18 divide 173628?
True
Is 6 a factor of 743615?
False
Is 13043988 a multiple of 14?
False
Does 184 divide 2045344?
True
Is 2500641 a multiple of 871?
True
Does 2 divide 615222?
True
Is 337 a factor of 944611?
True
Is 65 a factor of 1685190?
True
Does 2 divide 4321?
False
Is 6443250 a multiple of 150?
True
Is 7503 a multiple of 16?
False
Is 2755140 a multiple of 5?
True
Does 17 divide 390854?
False
Is 2941845 a multiple of 157?
False
Is 14 a factor of 696558?
False
Does 62 divide 105958?
True
Is 928395 a multiple of 351?
True
Does 141 divide 223967?
False
Is 109 a factor of 1076802?
False
Is 14 a factor of 2915016?
False
Is 45123 a multiple of 5?
False
Does 29 divide 173013?
False
Does 219 divide 150015?
True
Does 13 divide 2293366?
False
Is 418875 a multiple of 209?
False
Is 428022 a multiple of 258?
True
Does 4 divide 253550?
False
Is 245 a factor of 664705?
False
Is 6362867 a multiple of 17?
False
Is 34812 a multiple of 12?
True
Is 582013 a multiple of 818?
False
Does 9 divide 624116?
False
Is 395404 a multiple of 82?
True
Is 206770 a multiple of 96?
False
Is 56 a factor of 43568?
True
Does 223 divide 1343661?
False
Is 38142 a multiple of 9?
True
Is 62 a factor of 13392?
True
Is 3937272 a multiple of 696?
True
Is 4 a factor of 1261057?
False
Is 1562498 a multiple of 153?
False
Does 4 divide 998722?
False
Is 59 a factor of 116289?
True
Does 107 divide 25060863?
False
Does 104 divide 233688?
True
Is 32743 a multiple of 4?
False
Does 18 divide 5508846?
True
Is 216996 a multiple of 169?
True
Is 751 a factor of 9457343?
True
Is 35278 a multiple of 2?
True
Is 9 a factor of 470511?
True
Is 150 a factor of 219900?
True
Is 165 a factor of 421110?
False
Does 576 divide 479808?
True
Is 2200676 a multiple of 6?
False
Does 30 divide 6588919?
False
Is 209250 a multiple of 125?
True
Is 19 a factor of 2843578?
True
Is 15165375 a multiple of 740?
False
Is 58 a factor of 762120?
True
Does 5 divide 2619570?
True
Is 232743 a multiple of 176?
False
Does 3